) = -398*h + 38. Let q(z) = -181*z + 18. Let p(d) = -10*b(d) + 22*q(d). Let g(w) = -w**3 - w**2 + 5. Let t be g(0). Calculate p(t).
6
Let w = 4 + -5. Let a(r) = 10*r + 4. Let o(i) = -16 + 4 - 30*i + 1. Let x(y) = -8*a(y) - 3*o(y). Give x(w).
-9
Let q(m) = m**2 - 13*m + 32. Suppose 143*p - 1262 - 311 = 0. Calculate q(p).
10
Let w = -99 + 137. Let n be (0 - 3)/(-5 - w/(-7)). Let b(d) = d**3 + 6*d**2 - 10*d - 10. Determine b(n).
11
Let l = -6 + 2. Suppose -846 - 612 = -6*v. Let d(p) = v*p + 5*p**2 - p**3 + 238*p + 2*p**3 - 5 - 478*p. Determine d(l).
-1
Let o = -1192 - -1715. Let h(a) = -20*a**2 + 0*a**3 - a**3 - o + 2*a + 4*a**2 + 552. Give h(-16).
-3
Let y(o) = -86*o**2 - 4*o - 11. Let r(x) = 144*x**2 + 8*x + 22. Let m(f) = -3*r(f) - 5*y(f). What is m(0)?
-11
Let y(u) = -18*u - 1. Let w(n) = -33*n. Suppose -13*j - 37 = -89. Let o(a) = j*w(a) - 7*y(a). Give o(4).
-17
Let l(v) = -v**3 + 23*v**2 - 121*v + 5. Let w be l(15). Let g(q) = -q**2 - 9*q + 9. What is g(w)?
-1
Suppose 9*n - 7*n - 6 = 0. Suppose 3*t - 2*j - 14 = t, -23 = -4*t + 3*j. Suppose -g - n*c = -18, 3 = t*c - 7. Let d(z) = -z**3 + 2*z**2 + 3*z + 2. What is d(g)?
2
Let g(s) = -s**2 - 27*s - 11. Let n(u) = -5*u - 2. Let z(d) = -2*g(d) + 11*n(d). Let f(x) = 26*x**2 - 18*x. Let p(a) = -f(a) + 12*z(a). What is p(3)?
0
Suppose -9 = r - 13, 3*m - 98 = 4*r. Let u(d) = -2*d**3 + 76*d**2 - 4*d + 148. Determine u(m).
-4
Let m(b) = 343*b - 5817. Let k be m(17). Let c(t) = -2*t**2 + 28*t + 15. Give c(k).
15
Let b(m) be the second derivative of 1/2*m**2 - 46*m - 2 + 0*m**3 - 11/20*m**5 - 1/12*m**4. What is b(1)?
-11
Suppose -103*o - 1482 = -1173. Let x(z) = z**3 + 2*z**2 - 3*z - 1. Determine x(o).
-1
Let a(m) = 4*m - 14. Suppose 5*s + 5 = -5*p - 15, -4*p = -12. Calculate a(s).
-42
Let u(y) = 71*y**2 + 2*y + 54. Let s(g) = -37*g**2 - g - 24. Let i(k) = -9*s(k) - 4*u(k). Give i(-1).
48
Let s(n) = -4*n**2 - 9*n + 14. Let f(x) = -3*x**2 - 9*x + 13. Let k(t) = -3*f(t) + 2*s(t). Let h = 15495 - 15504. Give k(h).
-11
Let c(i) = -i**2 - 5*i + 4. Let s(y) = 2*y**2 + 3*y - 8*y + 6*y + 4*y - 3*y - 3*y**3. Let o be 3/(-2)*(-4)/(-6). Let v be s(o). Determine c(v).
-20
Let q be 1*(1/6)/(10 - 1121/114). Let s(b) = 50*b - 2. Calculate s(q).
48
Let f(y) be the first derivative of y**3/3 - y**2/2 + y + 75. Let g(t) = t**3 - 6*t**2 + 9*t - 8. Let w(q) = -3*f(q) + g(q). What is w(8)?
21
Let o(s) = -12*s - 14. Let x = -21414 + 21420. Calculate o(x).
-86
Let a(b) = 4*b**3 + 3*b + 1. Let m be ((-16 - -31) + -18)/((-3)/(-2)). Calculate a(m).
-37
Let a = 39 + -26. Suppose 0 = -3*q + 3*c - a + 37, -3*q + 22 = -4*c. Let k(r) = r**3 - 9*r**2 - 11*r - 8. Determine k(q).
-18
Let r(s) = 96 + 7*s - 191 - s**3 - 8*s**2 + 102 - 19*s. Determine r(-6).
7
Let r(j) be the second derivative of j**3/6 - 9*j**2 + 8691*j. Suppose -2 + 15 = g. Calculate r(g).
-5
Let f(i) = -9*i + 60. Let n(t) = t**3 - 64*t**2 - 127*t - 324. Let k be n(66). Give f(k).
6
Let l be 5*(4 + (-16)/5). Let b be (-6)/l*(-4)/18*24. Let s(j) = 9*j**2 - 21*j**2 + 4*j + b*j**2 + 3*j**2. Give s(5).
-5
Let i be (-6)/33 + (-72)/(-33). Let r(g) be the third derivative of 1/8*g**4 + 0*g - 24*g**2 + 0 - 1/6*g**3. Give r(i).
5
Suppose -14*h + 830 + 1326 = 0. Let y = -143 + h. Let c(u) = u**2 - 11*u + 5. Give c(y).
5
Let p be -2 + (-8)/(-2*1). Let q(x) = -5 - p*x**3 + 3*x**2 + 3*x**3 - 4*x**2. Let o(h) = 340*h + 35020. Let j be o(-103). What is q(j)?
-5
Let r = -62 + 66. Let g(f) = f**3 + 7*f**2 - 7*f + 10. Let d be g(-8). Let a(m) = m**3 + 0 + 1 - 3*m**2 - 5*m + 0*m**d + 3. Calculate a(r).
0
Let o(b) be the first derivative of -1/12*b**4 - 1/3*b**3 - 9 + 0*b - 16*b**2. Let a(f) be the second derivative of o(f). Calculate a(-4).
6
Let r(x) be the first derivative of -x**2/2 - 24*x - 3. Let l(o) = -o**2 + o + 2. Let j be l(2). Let b be j*(1 - (15/10)/1). Determine r(b).
-24
Let o be 1*(-3 + (-13)/2)*-2. Suppose 2*a + 3*d = 1, -3*a = -6*a - d + o. Suppose 5*y = l + l - 8, 3*y = -2*l + a. Let u(f) = f - 1. Give u(y).
-1
Let z(i) be the second derivative of i**4/12 + i**3 - i**2/2 + 2*i. Suppose 17661*r + 12 = 17659*r. Calculate z(r).
-1
Let r(x) = x**2 - 6*x - 21. Let m(u) = u**3 + 26*u**2 + 93*u + 118. Let d be m(-22). Determine r(d).
-5
Let x = -7711 - -46271/6. Let m(z) be the third derivative of 0*z - 10*z**2 + 0 + 1/60*z**5 - x*z**3 - 1/6*z**4. Calculate m(6).
7
Suppose 17*v - 15840 = -27*v. Let z = v - 358. Let q(a) = a**3 - 3*a**2 - a + 2. Give q(z).
-4
Let a(p) be the second derivative of p**4/12 - p**3/3 + p**2 + p. Let b be 119 - 121 - ((-32)/(-20) - 4/(-10)). Give a(b).
26
Suppose 0 = k - 2*g - 3, -3*g - 15 - 9 = 5*k. Let o(b) = -b**2 - 5*b - 11. What is o(k)?
-5
Let k(s) be the second derivative of 0*s**3 + 0 - 1/120*s**5 - 12*s + 5/6*s**4 - 1/720*s**6 + 0*s**2. Let b(v) be the third derivative of k(v). What is b(0)?
-1
Let r(s) = -s - 1. Suppose 5*x - 8 = -2*y - 0, 3*x - 7 = y. Let g be y*3 - (-3 + 1 - 0). Determine r(g).
0
Let k(c) be the first derivative of -2*c**3/3 + c**2 + 4*c + 25. Let w(b) = b**2 + 1. Let v(o) = k(o) - w(o). Calculate v(-2).
-13
Suppose 11 = 4*a + 3. Let h(o) = -o**2 - 3*o + 2. Let d be h(a). Let u(r) = -7*r - 16. Let t(z) = z. Let f(n) = -6*t(n) - u(n). Give f(d).
8
Let f(s) = s**3 + 6*s**2 + 3. Suppose 8*c - 3 = 13. Let i(k) = 2*k**2 - k - 3*k**c + 0*k. Let q be i(-3). Calculate f(q).
3
Let z(l) = -l + 8767*l**2 - 4344*l**2 - 4417*l**2 + 1 - 3. Let v(r) = -r**2 + 2. Let q be v(2). Calculate z(q).
24
Let i(o) = -7*o**2 + 12*o - 5. Suppose -3*m - 1 = -2*k, -2*k - 59*m = -63*m. Determine i(k).
-9
Let a(j) = -j**2 - 8*j - 2. Let f be 6/(-33) + 399/77 + 170. Let k = f + -183. Determine a(k).
-2
Suppose -466*k + 458*k + 8 = 0. Let o(f) = -1 + 5906*f**2 - 6*f**3 + f - 5906*f**2. What is o(k)?
-6
Let t be -6*(-1)/(-2) + (6 - 0). Let v(q) = -q**3 - 2*q**t - 6*q**3 - 1 - 6*q**3. Calculate v(1).
-16
Let h(o) = 8*o**2 - 1 - 1 + 7*o + 0 + o**3. Suppose 0 = -2*g - 5*x + 6, 26*g - 31*g + 15 = -3*x. Suppose -w - y - 25 = g*w, 2*w + y = -11. What is h(w)?
-2
Suppose -3*o - 29 = -4*p, 3*p - 5 = -8. Let h(s) = -2*s**3 - s**2 - 6*s - 1. Let r(z) = 6*z**3 + 3*z**2 + 17*z + 3. Let n(i) = o*h(i) - 4*r(i). Give n(-1).
2
Suppose -2*s - 22 = -4*b, -2*b - 72 = 3*s - 39. Let z(l) be the first derivative of 2*l**2 + 6*l - 94. Calculate z(s).
-38
Suppose m + 2*y = 3*m - 6, -3*m + 6 = -4*y. Let x be (8/(-6))/(m/(-18)). Let t(r) = -6 + 3*r**2 - r - x*r**2 + 11. What is t(-4)?
-7
Let n(l) = 66*l + 212*l + 23 - l**2 - 266*l. Give n(14).
-5
Let c(s) = s**3 - 39*s**2 - 81*s - 48. Suppose 16*k = -12*k + 8*k + 820. Determine c(k).
-7
Let s(k) = 4*k - 39. Let c(l) = 39*l - 380. Let d(g) = -3*c(g) + 29*s(g). What is d(-28)?
37
Suppose 2*f = 4*d, -4*d + 9*d - 3*f = 2. Let l be d/(-6)*(1 + 22/2). Let u(m) = -2 + 2*m + 0 - 1. Determine u(l).
5
Let u(g) = g**3 + 18*g**2 + 62*g - 46. Let d be u(-13). Let n(z) = -12*z + 25. Calculate n(d).
109
Suppose 98*o - 28 = 92*o + 26. Let l(v) = -4*v**2 + 34*v + 18. Calculate l(o).
0
Let v(s) be the first derivative of 1/2*s**2 + 140 + 9*s. What is v(-13)?
-4
Let u(i) be the third derivative of -i**4/8 - i**3 + 119*i**2 + 4. Calculate u(-9).
21
Let o(j) = -12*j - 9*j + 28*j + 6*j**2 + j**3 - 13*j + 6. Let v = -35 + 28. What is o(v)?
-1
Let v(h) = -h**3 + 8*h**2 - 15*h - 3. Let l be v(5). Let b = 3 + l. Suppose b = 4*i - 0 + 28. Let z(t) = t**2 + 7*t. Give z(i).
0
Let w(v) = -v**2 + v + 156. Let z be w(13). Suppose -4*f - 3*h - 16 = z, 20*h = 4*f + 25*h + 16. Let b(g) = -g**2 + 3*g - 1. Give b(f).
-29
Let a(u) = 6*u**2 + 6*u - 91. Let l(q) = 20*q**2 + 19*q - 294. Let c(i) = -13*a(i) + 4*l(i). Calculate c(6).
67
Let l(n) = -n**2 - 6*n + 7. Suppose 5*i + 4*u + 11 = 0, -92*u + 87*u + 37 = -i. Give l(i).
0
Let m(x) = 73*x**2 - 439*x + 11. Let p be m(6). Let j(v) = v**3 - 3*v**2 - v - 7. Give j(p).
38
Let v(y) = -8*y**3 + 3*y**2 - 8*y - 11. Let f(o) = 7*o**3 - 2*o**2 + 7*o + 9. Let c(z) = 7*f(z) + 6*v(z). Let j be ((-1)/1)/((-10)/90*-3). Give c(j).
3
Let p(f) = f**2 - 3*f + 2. Let g be p(0). Let b(o) = 6*o**2 + o**3 - 17*o**2 + o**g + o - 19 + 9*o**2. Give b(0).
-19
Let z(x) = 13*x**2 - 30*x + 2. Let s(d) = d**3 - 24*d**2 - 108*d - 110. Let f be s(28). Calculate z(f).
-6
Let h(a) = -7*a. Let s(w) = 1. Let t(f) = -h(f) - s(f). Suppose 33 = 6*o + 423.